 Let c = 1 + k. What is the remainder when 20 is divided by c?
9
Suppose 0 = 2*j - 0*j - 5*x - 87, 3*j + x = 122. Let v = -3 - -14. What is the remainder when j is divided by v?
8
Suppose 429 = 3*h - 102. Calculate the remainder when h is divided by 30.
27
Calculate the remainder when 30/(-12)*(1 - (-567)/(-15)) is divided by 31.
30
Let g(j) = 9*j. Let c be g(-1). Let r = c - -13. Calculate the remainder when 11 is divided by r.
3
Let n be -1*(-3)/(-3)*-4. Suppose 0 = -f + n - 1. Suppose -f*b + 36 = -0*b. What is the remainder when 23 is divided by b?
11
Let u(h) = h**2 - 4*h - 5. Let s be u(5). Suppose s*q - 40 = -4*q. What is the remainder when 16 is divided by q?
6
Suppose b = -2*m + 37 - 12, 32 = 4*m - 4*b. What is the remainder when 14 is divided by m?
3
Let r = -39 - -55. Calculate the remainder when 45 is divided by r.
13
Let w(l) = -25*l**3 - l**2 - l. Suppose -33 = -4*s - 9. Let d = s - -7. Calculate the remainder when w(-1) is divided by d.
12
Let s(p) = p**2 + 9*p + 1. Let g(n) = -2*n**2 - 2*n + 3. Let w be g(2). What is the remainder when 1 is divided by s(w)?
0
Let k = 56 + -21. Suppose -o + 24 = o. Calculate the remainder when k is divided by o.
11
Let d(c) = -c**3 + 2*c**2 - 3*c. Let b be d(2). Let i = 19 + b. Suppose 0 = 5*q - q - 28. Calculate the remainder when i is divided by q.
6
Let w = 3 + 1. Suppose -3*c = 5*d - 22, -d = 4*d + w*c - 21. Suppose d*i + 0*i = 160. What is the remainder when i is divided by 11?
10
Let y(j) = -14*j**3 - j**2 - 2*j - 1. Suppose -5 = 7*h - 2*h. What is the remainder when 41 is divided by y(h)?
13
Suppose -3*v + 127 - 22 = 0. Let g = -12 + v. What is the remainder when g is divided by 12?
11
Suppose -8*w + 5 = -3*w, -5*w = -2*s + 143. What is the remainder when s is divided by (3*-10)/(-6)*5?
24
Suppose -3*o + 0*w + 78 = -w, 2*o - 44 = -2*w. Suppose o = -x + 66. What is the remainder when x is divided by 11?
8
Suppose -5*k + 22 + 3 = 0, -5*l = 2*k - 145. What is the remainder when l is divided by 14?
13
Suppose -20 = -4*x + 4*y, -5*y - 17 = 3*x - 0*x. Calculate the remainder when 1 is divided by x.
0
Suppose 0 = -2*h - 3*o + 17, -o + 2*o = h - 11. Calculate the remainder when h is divided by 3.
1
Suppose 4 = 4*w - 4*s, s = -w - 2*s + 1. Let v = 4 - w. Suppose 5*a - 45 = -3*j - 2*j, -5*j + 29 = -v*a. Calculate the remainder when 20 is divided by j.
6
Let m = -34 + 39. Calculate the remainder when 27 is divided by m.
2
Suppose -5*k - 5 + 15 = 0. What is the remainder when 1/((-2)/(-172)*k) is divided by (1/(-1))/((-2)/22)?
10
Let i = 54 + -32. Calculate the remainder when 87 is divided by i.
21
Let d = -2 - -5. What is the remainder when d is divided by 3?
0
Suppose 5*l - 2*g - 8 = 0, -2*g - 3*g - 3 = -4*l. Calculate the remainder when (-1 - 1) + 39 + l is divided by 20.
19
Suppose -4*g + 2*q = -5*g + 6, 4*g = -q + 3. Suppose u + 4*u - 3*c + 5 = g, -5*c + 21 = -2*u. What is the remainder when 4 is divided by u?
0
Suppose -4*r + 0*r = -72. Suppose c = 3*b + r, b = -0*b - 2. Suppose 4*k - 34 = -6. Calculate the remainder when c is divided by k.
5
Suppose 4*v + 6*o = 2*o - 12, -o = -4*v - 37. Let b = 2 - v. What is the remainder when b is divided by 6?
4
Suppose 3*d + 77 = 10*d. What is the remainder when d is divided by 4?
3
Let s(y) = 10*y. Let a be s(5). Suppose 5*x = n + a, -4*x - n = -24 - 7. Calculate the remainder when x is divided by 6.
3
Let x be (-1)/(-2) + 595/(-14). What is the remainder when (x/8)/((-1)/8) is divided by 9?
6
What is the remainder when (-1 - 6)*(-1 - 1) is divided by 3?
2
Suppose -5*j - 5*k + 175 = -0*k, 4*j + 5*k = 145. Calculate the remainder when j is divided by 11.
8
Suppose 3*q + 5*b = 4*b + 5, 2*q + 3*b + 6 = 0. Suppose 0 = 4*m - p + q, 7*m + p = 2*m + 3. Suppose 5*t = 10 - m. What is the remainder when 4 is divided by t?
0
Let l(v) = 10*v - 3. Let r be 3/(-6)*(2 + -6). Calculate the remainder when l(r) is divided by 9.
8
Let j(a) = a**3 + 6*a**2 - 2*a + 1. Suppose -12 = 4*o - 32. Calculate the remainder when j(-6) is divided by o.
3
Let s = -44 + 72. Suppose -2*o = 4*f, 3*o - f = -0*o + s. What is the remainder when o is divided by 3?
2
Let u = -12 + 34. Suppose -5*w - 17 - 15 = -2*c, -3*w - 6 = 0. Let k = u - c. Calculate the remainder when 30 is divided by k.
8
Suppose 0 = -3*o + 12, -5*k - 6*o + o + 95 = 0. Let a = 2 + -7. What is the remainder when (9/3 + a)*-14 is divided by k?
13
What is the remainder when ((-2)/3)/((-4)/222) is divided by 10*(6 + -1)/5?
7
Let b(u) = -u**3 - 2*u**2 - 5. Suppose 20 = -6*w + w. Calculate the remainder when b(w) is divided by (-6)/15 - (-144)/10.
13
Let b(z) = 3*z**2 - 13*z - 8. What is the remainder when 42 is divided by b(6)?
20
Let r be 8/(-20) + (-64)/(-10). Calculate the remainder when 13 is divided by r/(-10) + 301/35.
5
Let d = -29 - -43. Calculate the remainder when 55 is divided by d.
13
Let w(n) = n**2 - 8*n - 12. What is the remainder when 28 is divided by w(10)?
4
Let f(u) = 15*u. Let c be f(2). Calculate the remainder when 16 is divided by 36/c*30/4.
7
Let g = 11 - 4. What is the remainder when 18 is divided by g?
4
Let g(s) = 0 - 1 + 0 + 11*s - s**2. Let v be g(7). Let r = 47 - v. What is the remainder when r is divided by 11?
9
Let i = -11 + 15. Let v = i + 2. Suppose -v*h + 3*h = -102. What is the remainder when h is divided by 12?
10
Let u = 426 + -412. Let n(a) = a**3 + a**2 + 4. Calculate the remainder when u is divided by n(0).
2
What is the remainder when 5/(-5)*(-110)/2 is divided by 19?
17
Suppose 4 = p + m + m, 2*m = -6. Suppose -2*i + 64 = 4*a, -i - 56 = -2*a + 4*i. Calculate the remainder when a is divided by p.
8
Suppose -2*t - 2*h + 12 = 0, -h = 4*t - 6 - 30. Calculate the remainder when 19 is divided by t.
9
Suppose -x + 8 = 4. Calculate the remainder when 9 is divided by x.
1
Suppose 0*s = -2*s + 4*t + 16, 4*s - 36 = 4*t. What is the remainder when 89 is divided by s?
9
Let s be 270/(-25)*(-10)/3. Suppose -3*z - 4*d = -25 - 12, -4*z - 2*d = -s. What is the remainder when 26 is divided by z?
5
Let w(y) = -y**3 + 7*y**2 - 7*y + 2. Suppose 2*q + 3*s - 299 = 0, 491 = 3*q - 2*s - 2*s. Let r = -107 + q. Calculate the remainder when r is divided by w(5).
16
Let r(h) = -5*h - 21. Calculate the remainder when r(-6) is divided by 5.
4
Suppose 2*f = 4*f + 4*t - 66, -f + 3 = -4*t. Calculate the remainder when 65 is divided by f.
19
Suppose -2*g + 0 = -8. Suppose -g*d + 108 + 96 = 0. Calculate the remainder when d is divided by 26.
25
Let j = 54 + -24. What is the remainder when j is divided by 20/3*60/25?
14
Let v(t) = -7*t**2 + t - 1. Let w be v(1). Let n = -2 - w. Suppose -n*a = -c - 43, 0 = 3*a + 2*c - 14 - 4. What is the remainder when 15 is divided by a?
7
Let k = 149 + -68. What is the remainder when k is divided by 21?
18
Suppose 4*c = -0*c + 3*x + 21, -5 = -5*x. Let l be 26 + -2 + 0/(-1). Let o = l - 13. Calculate the remainder when o is divided by c.
5
Let z = 21 + -16. Suppose -z*b + 81 = -4*b. What is the remainder when b is divided by 28?
25
Let l = -70 + 92. Suppose 47 - 7 = -5*q. Let h = q + 14. Calculate the remainder when l is divided by h.
4
Let u(q) = -q**2 + 10*q - 8. What is the remainder when 24 is divided by u(7)?
11
Let k(r) = -r**3 + 7*r**2 - 6*r + 2. What is the remainder when 52 is divided by k(3)?
12
Let r = 5 + 14. What is the remainder when r is divided by 10?
9
Let y(g) = g**2 - 1. Let s = -48 + 92. Calculate the remainder when s is divided by y(4).
14
Suppose 4*l - 13 - 203 = 2*u, 0 = 3*l + 5*u - 136. Calculate the remainder when 73 is divided by l/2 + 1/(-1).
23
Let k(r) = -r**2 - 1. Let c be k(0). Suppose 2*y = -3*o + o + 16, o - 3*y - 4 = 0. Let n = o + c. Calculate the remainder when n is divided by 4.
2
Let o = -38 + 71. Calculate the remainder when o is divided by 34/((1 - -1) + 0).
16
What is the remainder when 650/12 + 2/(-12) is divided by 28?
26
Suppose -2*k - 38 = -4*k. What is the remainder when k is divided by 11?
8
Let c(f) = f**3 - 4*f**2 - f. Let s be c(4). Let u(g) = 3*g**2 + 7*g - 2. What is the remainder when u(-5) is divided by 896/91 - s/26?
8
Let n = 54 - 48. Calculate the remainder when 22 is divided by n.
4
Let h = 7 - 3. Suppose 5*y - 4 - 6 = -5*q, 0 = -3*y + h*q - 1. What is the remainder when 35 is divided by y - ((-1 - -1) + -11)?
11
Suppose t - 4*